{"id":577,"date":"2022-10-10T17:06:35","date_gmt":"2022-10-10T15:06:35","guid":{"rendered":"http:\/\/www.juliegille.fr\/?page_id=577"},"modified":"2026-04-23T09:25:49","modified_gmt":"2026-04-23T07:25:49","slug":"577-2","status":"publish","type":"page","link":"https:\/\/www.juliegille.fr\/index.php\/577-2\/","title":{"rendered":"Respiration Holotropique"},"content":{"rendered":"\n<div class=\"wp-block-media-text alignfull is-stacked-on-mobile is-vertically-aligned-center is-image-fill-element has-background\" style=\"background-color:#f2c2a7\"><figure class=\"wp-block-media-text__media\"><img loading=\"lazy\" decoding=\"async\" width=\"683\" height=\"1024\" src=\"http:\/\/www.juliegille.fr\/wp-content\/uploads\/2022\/08\/kevin-fitzgerald-WZMtAAdpUlg-unsplash-683x1024.jpg\" alt=\"\" class=\"wp-image-454 size-full\" style=\"object-position:50% 50%\" srcset=\"https:\/\/www.juliegille.fr\/wp-content\/uploads\/2022\/08\/kevin-fitzgerald-WZMtAAdpUlg-unsplash-683x1024.jpg 683w, https:\/\/www.juliegille.fr\/wp-content\/uploads\/2022\/08\/kevin-fitzgerald-WZMtAAdpUlg-unsplash-200x300.jpg 200w, https:\/\/www.juliegille.fr\/wp-content\/uploads\/2022\/08\/kevin-fitzgerald-WZMtAAdpUlg-unsplash-768x1152.jpg 768w, https:\/\/www.juliegille.fr\/wp-content\/uploads\/2022\/08\/kevin-fitzgerald-WZMtAAdpUlg-unsplash-1024x1536.jpg 1024w, https:\/\/www.juliegille.fr\/wp-content\/uploads\/2022\/08\/kevin-fitzgerald-WZMtAAdpUlg-unsplash-1365x2048.jpg 1365w, https:\/\/www.juliegille.fr\/wp-content\/uploads\/2022\/08\/kevin-fitzgerald-WZMtAAdpUlg-unsplash-scaled.jpg 1707w\" sizes=\"auto, (max-width: 683px) 100vw, 683px\" \/><\/figure><div class=\"wp-block-media-text__content\">\n<p><\/p>\n\n\n\n<p class=\"has-headings-color has-text-color has-normal-font-size\">Nous savons \u00e0 pr\u00e9sent quel<strong> impact la respiration peut avoir sur notre physiologie et notre psych\u00e9<\/strong>. Nous savons apprendre \u00e0 respirer pour g\u00e9rer notre stress, nos pens\u00e9es et nos tensions. Nous savons \u00e9galement que les \u00e9tats modifi\u00e9s de conscience comme la sophrologie soutiennent et accompagnent les souffrances physiques et psychiques. <\/p>\n\n\n\n<p class=\"has-headings-color has-text-color has-normal-font-size\">Stanislav Grof, psychiatre am\u00e9ricain, a conceptualis\u00e9 la Respiration Holotropique comme une&nbsp;<strong>pratique de conscience \u00e9largie<\/strong>, un \u00e9tat de transe sans substance,&nbsp;bas\u00e9e sur une respiration active et des musiques particuli\u00e8res, permettant une lib\u00e9ration de certaines couches inconscientes qui nous constituent. <\/p>\n\n\n\n<p class=\"has-headings-color has-text-color has-normal-font-size\">La Respiration Holotropique permet de visiter, <strong>exp\u00e9rimenter et r\u00e9int\u00e9grer des parts de soi auxquelles nous n&rsquo;avons pas acc\u00e8s en temps normal<\/strong>: \u00e9motions, traumatismes enfouis, sensorialit\u00e9, perceptions subtiles, ressources int\u00e9rieures, exp\u00e9riences spirituelles&#8230; Contrairement \u00e0 l&rsquo;hypnose qui oriente le processus, la Respiration Holotropique ouvre un espace libre et structur\u00e9 pour <strong>accueillir uniquement les exp\u00e9riences qui sont pr\u00eates \u00e0 \u00eatre int\u00e9gr\u00e9es, ce qui permet de respecter enti\u00e8rement le rythme et les protections de chacun.e<\/strong>, ce qui est tr\u00e8s s\u00e9curisant dans cette pratique. Nous faisons confiance \u00e0 ce qui cherche \u00e0 \u00eatre explor\u00e9 et qui se pr\u00e9sente \u00e0 nous. <\/p>\n\n\n\n<p class=\"has-headings-color has-text-color has-normal-font-size\">Nous pouvons vivre lors de cette pratique de&nbsp;<strong>profondes lib\u00e9rations \u00e9motionnelles, \u00e9nerg\u00e9tiques, physiologiques, un cheminement de r\u00e9conciliation et de r\u00e9\u00e9quilibrage int\u00e9rieur<\/strong>. <\/p>\n<\/div><\/div>\n\n\n\n<div style=\"height:100px\" aria-hidden=\"true\" class=\"wp-block-spacer\"><\/div>\n\n\n\n<div class=\"wp-block-media-text has-media-on-the-right is-stacked-on-mobile has-background\" style=\"background-color:#ffecbe\"><div class=\"wp-block-media-text__content\">\n<p><strong>Concr\u00e8tement, \u00e7a se passe comment ?<\/strong><\/p>\n\n\n\n<p class=\"has-headings-color has-text-color has-link-color wp-elements-47585dcddb6be331e585ae07d82eb9b7\"><strong>En pratique individuelle<\/strong>, la s\u00e9ance dure 2h. <br><strong>En pratique de groupe<\/strong>, je vous propose de vivre des exp\u00e9riences de Respiration Holotropique sur une journ\u00e9e. Le processus, qui plus est en groupe, est d\u00e9j\u00e0 suffisamment lib\u00e9rateur pour n\u2019ajouter aucune autre pratique lors de ce stage. <br><br>Dans les deux cas, vous \u00eates allong\u00e9.e.s sur un matelas, les yeux ferm\u00e9s. Vous \u00eates accompagn\u00e9.e.s et guid\u00e9.e.s dans une respiration active qui va ouvrir l&rsquo;\u00e9tat de conscience \u00e9largi: soutenu par une s\u00e9quence musicale adapt\u00e9e, votre voyage int\u00e9rieur commence&#8230;   <\/p>\n\n\n\n<p>La journ\u00e9e enti\u00e8re &#8211; 85\u20ac<\/p>\n\n\n\n<p>La s\u00e9ance individuelle &#8211; 105\u20ac<\/p>\n<\/div><figure class=\"wp-block-media-text__media\"><img loading=\"lazy\" decoding=\"async\" width=\"668\" height=\"1024\" src=\"http:\/\/www.juliegille.fr\/wp-content\/uploads\/2023\/11\/hasan-almasi-T_8JvwUkbIM-unsplash-1-668x1024.jpg\" alt=\"\" class=\"wp-image-747 size-full\" srcset=\"https:\/\/www.juliegille.fr\/wp-content\/uploads\/2023\/11\/hasan-almasi-T_8JvwUkbIM-unsplash-1-668x1024.jpg 668w, https:\/\/www.juliegille.fr\/wp-content\/uploads\/2023\/11\/hasan-almasi-T_8JvwUkbIM-unsplash-1-196x300.jpg 196w, https:\/\/www.juliegille.fr\/wp-content\/uploads\/2023\/11\/hasan-almasi-T_8JvwUkbIM-unsplash-1-768x1178.jpg 768w, https:\/\/www.juliegille.fr\/wp-content\/uploads\/2023\/11\/hasan-almasi-T_8JvwUkbIM-unsplash-1-1002x1536.jpg 1002w, https:\/\/www.juliegille.fr\/wp-content\/uploads\/2023\/11\/hasan-almasi-T_8JvwUkbIM-unsplash-1-1336x2048.jpg 1336w, https:\/\/www.juliegille.fr\/wp-content\/uploads\/2023\/11\/hasan-almasi-T_8JvwUkbIM-unsplash-1-scaled.jpg 1669w\" sizes=\"auto, (max-width: 668px) 100vw, 668px\" \/><\/figure><\/div>\n\n\n\n<p>Form\u00e9e  pendant 2 ans, par le CesHum je suis habilit\u00e9e \u00e0 guider des s\u00e9ances individuelles et collectives de respiration holotropique. Me contacter pour plus d\u2019infos.<\/p>\n\n\n\n<p>Si la pratique de la respiration holotropique est sans danger, il existe cependant quelques contre-indications \u00e0 respecter : probl\u00e8mes vasculaires et\/ou cardiaques, glaucome, hypertension s\u00e9v\u00e8re, ant\u00e9c\u00e9dents d\u2019\u00e9pilepsie, asthme s\u00e9v\u00e8re, pathologie psychiatrique, op\u00e9ration chirurgicale r\u00e9cente, grossesse en cours.<\/p>\n\n\n\n<div class=\"wp-block-buttons is-content-justification-center is-layout-flex wp-container-core-buttons-is-layout-16018d1d wp-block-buttons-is-layout-flex\">\n<div class=\"wp-block-button\"><a class=\"wp-block-button__link has-text-align-center wp-element-button\" href=\"https:\/\/www.juliegille.fr\/index.php\/2022\/08\/08\/agenda-des-evenements\/\">Agenda<\/a><\/div>\n<\/div>\n\n\n\n<p>Envie d\u2019en savoir plus ? Je vous invite \u00e0 regarder les interviews suivantes , de mon confr\u00e8re Johann Henry ou de ma formatrice Brigitte Chavas :<\/p>\n\n\n\n<hr class=\"wp-block-separator has-alpha-channel-opacity\"\/>\n\n\n\n<figure class=\"wp-block-embed is-type-video is-provider-youtube wp-block-embed-youtube wp-embed-aspect-16-9 wp-has-aspect-ratio\"><div class=\"wp-block-embed__wrapper\">\n<iframe loading=\"lazy\" title=\"Respiration holotropique : passer les barri\u00e8res du mental pour atteindre son \u00eatre profond\" width=\"1041\" height=\"586\" src=\"https:\/\/www.youtube.com\/embed\/ePLyu5tozXg?feature=oembed\" frameborder=\"0\" allow=\"accelerometer; autoplay; clipboard-write; encrypted-media; gyroscope; picture-in-picture; web-share\" referrerpolicy=\"strict-origin-when-cross-origin\" allowfullscreen><\/iframe>\n<\/div><\/figure>\n\n\n\n<hr class=\"wp-block-separator has-alpha-channel-opacity\"\/>\n\n\n\n<figure class=\"wp-block-embed is-type-video is-provider-youtube wp-block-embed-youtube wp-embed-aspect-16-9 wp-has-aspect-ratio\"><div class=\"wp-block-embed__wrapper\">\n<iframe loading=\"lazy\" title=\"En qu\u00eate de transe - Vers une libert\u00e9 d&#039;\u00eatre - Avec Brigitte Chavas\" width=\"1041\" height=\"586\" src=\"https:\/\/www.youtube.com\/embed\/Qu_BqFsHlLc?feature=oembed\" frameborder=\"0\" allow=\"accelerometer; autoplay; clipboard-write; encrypted-media; gyroscope; picture-in-picture; web-share\" referrerpolicy=\"strict-origin-when-cross-origin\" allowfullscreen><\/iframe>\n<\/div><\/figure>\n\n\n\n<hr class=\"wp-block-separator has-alpha-channel-opacity\"\/>\n\n\n\n<figure class=\"wp-block-embed is-type-video is-provider-youtube wp-block-embed-youtube wp-embed-aspect-16-9 wp-has-aspect-ratio\"><div class=\"wp-block-embed__wrapper\">\n<iframe loading=\"lazy\" title=\"Et si certains blocages dans nos vies provenaient de notre naissance? avec Johann Henry\" width=\"1041\" height=\"586\" src=\"https:\/\/www.youtube.com\/embed\/Dfo_f_UfOvs?feature=oembed\" frameborder=\"0\" allow=\"accelerometer; autoplay; clipboard-write; encrypted-media; gyroscope; picture-in-picture; web-share\" referrerpolicy=\"strict-origin-when-cross-origin\" allowfullscreen><\/iframe>\n<\/div><\/figure>\n\n\n\n<p><\/p>\n","protected":false},"excerpt":{"rendered":"<p>Nous savons \u00e0 pr\u00e9sent quel impact la respiration peut avoir sur notre physiologie et notre psych\u00e9. Nous savons apprendre \u00e0 respirer pour g\u00e9rer notre stress, &hellip;<\/p>\n","protected":false},"author":1,"featured_media":0,"parent":0,"menu_order":0,"comment_status":"closed","ping_status":"closed","template":"","meta":{"footnotes":""},"class_list":["post-577","page","type-page","status-publish","hentry"],"_links":{"self":[{"href":"https:\/\/www.juliegille.fr\/index.php\/wp-json\/wp\/v2\/pages\/577","targetHints":{"allow":["GET"]}}],"collection":[{"href":"https:\/\/www.juliegille.fr\/index.php\/wp-json\/wp\/v2\/pages"}],"about":[{"href":"https:\/\/www.juliegille.fr\/index.php\/wp-json\/wp\/v2\/types\/page"}],"author":[{"embeddable":true,"href":"https:\/\/www.juliegille.fr\/index.php\/wp-json\/wp\/v2\/users\/1"}],"replies":[{"embeddable":true,"href":"https:\/\/www.juliegille.fr\/index.php\/wp-json\/wp\/v2\/comments?post=577"}],"version-history":[{"count":38,"href":"https:\/\/www.juliegille.fr\/index.php\/wp-json\/wp\/v2\/pages\/577\/revisions"}],"predecessor-version":[{"id":1192,"href":"https:\/\/www.juliegille.fr\/index.php\/wp-json\/wp\/v2\/pages\/577\/revisions\/1192"}],"wp:attachment":[{"href":"https:\/\/www.juliegille.fr\/index.php\/wp-json\/wp\/v2\/media?parent=577"}],"curies":[{"name":"wp","href":"https:\/\/api.w.org\/{rel}","templated":true}]}}

<div class="wp-block-media-text alignfull is-stacked-on-mobile is-vertically-aligned-center is-image-fill-element has-background" style="background-color:#f2c2a7"><figure class="wp-block-media-text__media"><img loading="lazy" decoding="async" width="683" height="1024" src="http://www.juliegille.fr/wp-content/uploads/2022/08/kevin-fitzgerald-WZMtAAdpUlg-unsplash-683x1024.jpg" alt="" class="wp-image-454 size-full" style="object-position:50% 50%" srcset="https://www.juliegille.fr/wp-content/uploads/2022/08/kevin-fitzgerald-WZMtAAdpUlg-unsplash-683x1024.jpg 683w, https://www.juliegille.fr/wp-content/uploads/2022/08/kevin-fitzgerald-WZMtAAdpUlg-unsplash-200x300.jpg 200w, https://www.juliegille.fr/wp-content/uploads/2022/08/kevin-fitzgerald-WZMtAAdpUlg-unsplash-768x1152.jpg 768w, https://www.juliegille.fr/wp-content/uploads/2022/08/kevin-fitzgerald-WZMtAAdpUlg-unsplash-1024x1536.jpg 1024w, https://www.juliegille.fr/wp-content/uploads/2022/08/kevin-fitzgerald-WZMtAAdpUlg-unsplash-1365x2048.jpg 1365w, https://www.juliegille.fr/wp-content/uploads/2022/08/kevin-fitzgerald-WZMtAAdpUlg-unsplash-scaled.jpg 1707w" sizes="auto, (max-width: 683px) 100vw, 683px" /></figure><div class="wp-block-media-text__content">
<p></p>



<p class="has-headings-color has-text-color has-normal-font-size">Nous savons à présent quel<strong> impact la respiration peut avoir sur notre physiologie et notre psyché</strong>. Nous savons apprendre à respirer pour gérer notre stress, nos pensées et nos tensions. Nous savons également que les états modifiés de conscience comme la sophrologie soutiennent et accompagnent les souffrances physiques et psychiques. </p>



<p class="has-headings-color has-text-color has-normal-font-size">Stanislav Grof, psychiatre américain, a conceptualisé la Respiration Holotropique comme une&nbsp;<strong>pratique de conscience élargie</strong>, un état de transe sans substance,&nbsp;basée sur une respiration active et des musiques particulières, permettant une libération de certaines couches inconscientes qui nous constituent. </p>



<p class="has-headings-color has-text-color has-normal-font-size">La Respiration Holotropique permet de visiter, <strong>expérimenter et réintégrer des parts de soi auxquelles nous n&rsquo;avons pas accès en temps normal</strong>: émotions, traumatismes enfouis, sensorialité, perceptions subtiles, ressources intérieures, expériences spirituelles&#8230; Contrairement à l&rsquo;hypnose qui oriente le processus, la Respiration Holotropique ouvre un espace libre et structuré pour <strong>accueillir uniquement les expériences qui sont prêtes à être intégrées, ce qui permet de respecter entièrement le rythme et les protections de chacun.e</strong>, ce qui est très sécurisant dans cette pratique. Nous faisons confiance à ce qui cherche à être exploré et qui se présente à nous. </p>



<p class="has-headings-color has-text-color has-normal-font-size">Nous pouvons vivre lors de cette pratique de&nbsp;<strong>profondes libérations émotionnelles, énergétiques, physiologiques, un cheminement de réconciliation et de rééquilibrage intérieur</strong>. </p>
</div></div>



<div style="height:100px" aria-hidden="true" class="wp-block-spacer"></div>



<div class="wp-block-media-text has-media-on-the-right is-stacked-on-mobile has-background" style="background-color:#ffecbe"><div class="wp-block-media-text__content">
<p><strong>Concrètement, ça se passe comment ?</strong></p>



<p class="has-headings-color has-text-color has-link-color wp-elements-47585dcddb6be331e585ae07d82eb9b7"><strong>En pratique individuelle</strong>, la séance dure 2h. <br><strong>En pratique de groupe</strong>, je vous propose de vivre des expériences de Respiration Holotropique sur une journée. Le processus, qui plus est en groupe, est déjà suffisamment libérateur pour n’ajouter aucune autre pratique lors de ce stage. <br><br>Dans les deux cas, vous êtes allongé.e.s sur un matelas, les yeux fermés. Vous êtes accompagné.e.s et guidé.e.s dans une respiration active qui va ouvrir l&rsquo;état de conscience élargi: soutenu par une séquence musicale adaptée, votre voyage intérieur commence&#8230;   </p>



<p>La journée entière &#8211; 85€</p>



<p>La séance individuelle &#8211; 105€</p>
</div><figure class="wp-block-media-text__media"><img loading="lazy" decoding="async" width="668" height="1024" src="http://www.juliegille.fr/wp-content/uploads/2023/11/hasan-almasi-T_8JvwUkbIM-unsplash-1-668x1024.jpg" alt="" class="wp-image-747 size-full" srcset="https://www.juliegille.fr/wp-content/uploads/2023/11/hasan-almasi-T_8JvwUkbIM-unsplash-1-668x1024.jpg 668w, https://www.juliegille.fr/wp-content/uploads/2023/11/hasan-almasi-T_8JvwUkbIM-unsplash-1-196x300.jpg 196w, https://www.juliegille.fr/wp-content/uploads/2023/11/hasan-almasi-T_8JvwUkbIM-unsplash-1-768x1178.jpg 768w, https://www.juliegille.fr/wp-content/uploads/2023/11/hasan-almasi-T_8JvwUkbIM-unsplash-1-1002x1536.jpg 1002w, https://www.juliegille.fr/wp-content/uploads/2023/11/hasan-almasi-T_8JvwUkbIM-unsplash-1-1336x2048.jpg 1336w, https://www.juliegille.fr/wp-content/uploads/2023/11/hasan-almasi-T_8JvwUkbIM-unsplash-1-scaled.jpg 1669w" sizes="auto, (max-width: 668px) 100vw, 668px" /></figure></div>



<p>Formée  pendant 2 ans, par le CesHum je suis habilitée à guider des séances individuelles et collectives de respiration holotropique. Me contacter pour plus d’infos.</p>



<p>Si la pratique de la respiration holotropique est sans danger, il existe cependant quelques contre-indications à respecter : problèmes vasculaires et/ou cardiaques, glaucome, hypertension sévère, antécédents d’épilepsie, asthme sévère, pathologie psychiatrique, opération chirurgicale récente, grossesse en cours.</p>



<div class="wp-block-buttons is-content-justification-center is-layout-flex wp-container-core-buttons-is-layout-16018d1d wp-block-buttons-is-layout-flex">
<div class="wp-block-button"><a class="wp-block-button__link has-text-align-center wp-element-button" href="https://www.juliegille.fr/index.php/2022/08/08/agenda-des-evenements/">Agenda</a></div>
</div>



<p>Envie d’en savoir plus ? Je vous invite à regarder les interviews suivantes , de mon confrère Johann Henry ou de ma formatrice Brigitte Chavas :</p>



<hr class="wp-block-separator has-alpha-channel-opacity"/>



<figure class="wp-block-embed is-type-video is-provider-youtube wp-block-embed-youtube wp-embed-aspect-16-9 wp-has-aspect-ratio"><div class="wp-block-embed__wrapper">
<iframe loading="lazy" title="Respiration holotropique : passer les barrières du mental pour atteindre son être profond" width="1041" height="586" src="https://www.youtube.com/embed/ePLyu5tozXg?feature=oembed" frameborder="0" allow="accelerometer; autoplay; clipboard-write; encrypted-media; gyroscope; picture-in-picture; web-share" referrerpolicy="strict-origin-when-cross-origin" allowfullscreen></iframe>
</div></figure>



<hr class="wp-block-separator has-alpha-channel-opacity"/>



<figure class="wp-block-embed is-type-video is-provider-youtube wp-block-embed-youtube wp-embed-aspect-16-9 wp-has-aspect-ratio"><div class="wp-block-embed__wrapper">
<iframe loading="lazy" title="En quête de transe - Vers une liberté d&#039;être - Avec Brigitte Chavas" width="1041" height="586" src="https://www.youtube.com/embed/Qu_BqFsHlLc?feature=oembed" frameborder="0" allow="accelerometer; autoplay; clipboard-write; encrypted-media; gyroscope; picture-in-picture; web-share" referrerpolicy="strict-origin-when-cross-origin" allowfullscreen></iframe>
</div></figure>



<hr class="wp-block-separator has-alpha-channel-opacity"/>



<figure class="wp-block-embed is-type-video is-provider-youtube wp-block-embed-youtube wp-embed-aspect-16-9 wp-has-aspect-ratio"><div class="wp-block-embed__wrapper">
<iframe loading="lazy" title="Et si certains blocages dans nos vies provenaient de notre naissance? avec Johann Henry" width="1041" height="586" src="https://www.youtube.com/embed/Dfo_f_UfOvs?feature=oembed" frameborder="0" allow="accelerometer; autoplay; clipboard-write; encrypted-media; gyroscope; picture-in-picture; web-share" referrerpolicy="strict-origin-when-cross-origin" allowfullscreen></iframe>
</div></figure>



<p></p>

<p>Nous savons à présent quel impact la respiration peut avoir sur notre physiologie et notre psyché. Nous savons apprendre à respirer pour gérer notre stress, &hellip;</p>
