{"id":765,"date":"2023-11-20T16:12:37","date_gmt":"2023-11-20T15:12:37","guid":{"rendered":"https:\/\/www.juliegille.fr\/?page_id=765"},"modified":"2024-01-08T13:08:38","modified_gmt":"2024-01-08T12:08:38","slug":"temoignages-constellations","status":"publish","type":"page","link":"https:\/\/www.juliegille.fr\/index.php\/temoignages-constellations\/","title":{"rendered":"T\u00e9moignages Constellations"},"content":{"rendered":"\n<p class=\"has-headings-color has-text-color has-background has-link-color wp-elements-a4beeefed44a1745ab8d312ea73ef1e2\" style=\"background:linear-gradient(135deg,rgb(242,194,167) 0%,rgb(255,224,139) 100%)\">       \u00ab&nbsp;Les constellations familiales sont une exp\u00e9rience unique qui nous font avancer et nous permettent de changer de perspective. On en sort jamais comme on est entr\u00e9, que ce soit parce qu\u2019on a constell\u00e9 soi-m\u00eame ou parce qu\u2019on a \u00e9t\u00e9 l\u00e0 au service des autres. Julie est toujours \u00e0 l\u2019\u00e9coute et elle sait parfaitement guider, analyser et interpr\u00e9ter la constellation.&nbsp;\u00bb  &#8211; Britta<\/p>\n\n\n\n<p class=\"has-headings-color has-text-color has-background has-link-color wp-elements-2d111f6a2e3a3dd7396fd9bb63e28ba4\" style=\"background:linear-gradient(135deg,rgb(241,150,115) 0%,rgb(242,194,167) 100%)\">      \u00ab\u00a0J&rsquo;ai particip\u00e9 plusieurs fois aux constellations familiales propos\u00e9es par Julie. A chaque fois je suis repartie avec plus de clart\u00e9 et de compr\u00e9hension au sujet de ce que je vis dans mon quotidien qui est en lien avec mon syst\u00e8me familial.\u00a0Cela m&rsquo;a permis de d\u00e9nouer des noeuds et des situations compliqu\u00e9es dans lesquelles je me sentais enferm\u00e9e.\u00a0Julie a une approche pleine de bienveillance, de pertinence et de justesse. Elle sait nous accompagner avec une grande finesse d&rsquo;esprit pile \u00e0 l&rsquo;endroit o\u00f9 les choses doivent \u00eatre vues, dites, travers\u00e9es.\u00a0Lors d&rsquo;une journ\u00e9e de constellations, je me sens autant travers\u00e9e par ma propre constellation que par celle des autres participants comme si l&rsquo;ensemble de la journ\u00e9e venait m&rsquo;apporter des pistes de reflexion, des compr\u00e9hensions, des gu\u00e9risons. J&rsquo;ai une immense reconnaissance pour toi Julie, pour ton travail et ton accompagnement, pour ta qualit\u00e9 de pr\u00e9sence, d&rsquo;\u00e9coute, ta capacit\u00e9 \u00e0 percevoir ce qui est juste&#8230; l\u00e0 o\u00f9 parfois on n&rsquo;a pas envie de regarder mais exactement au bon endroit pour restaurer ce qui est profond\u00e9ment bl\u00e9ss\u00e9. Tu as ce talent d&rsquo;aller voir les choses en profondeur et de nous montrer la voie pour revenir \u00e0 la lumi\u00e8re. Je ressors souvent de ces journ\u00e9es bien remu\u00e9e et dans les semaines qui suivent j&rsquo;observe avec joie les changements positifs et tr\u00e8s concrets qui se confirment dans le temps. Gr\u00e2ce \u00e0 ton accompagnement avec ce merveilleux outil, j&rsquo;ai pu faire des bonds en avant sur mon chemin. Merci infiniment.\u00a0\u00bb &#8211; Christelle.<\/p>\n\n\n\n<p class=\"has-headings-color has-text-color has-background has-link-color wp-elements-8315250b5bd1b505b005747af839fd9e\" style=\"background:linear-gradient(135deg,rgb(255,224,139) 0%,rgb(242,194,167) 100%)\">\u00ab\u00a0Apr\u00e8s 4 ans de th\u00e9rapie individuelle, je tombai sur un \u00e9l\u00e9ment qui d\u00e9passait les limites de mon propre v\u00e9cu. Au d\u00e9tour d&rsquo;une \u00e9preuve de vie et de mes r\u00e9actions pour le moins surprenantes, j&rsquo;ai enfin compris pourquoi Julie disait parfois \u00ab\u00a0cela ne vous appartient pas\u00a0\u00bb et c&rsquo;est vrai, je sentais que je ne comprenais pas, ce qui dans mon parcours de vie pouvait expliquer ma fa\u00e7on d&rsquo;agir dans cette \u00e9preuve de vie. Et j&rsquo;ai eu envie de tester le format de la constellation dont je n&rsquo;avais jamais senti l&rsquo;appel auparavant m\u00eame si j&rsquo;avais toujours \u00e9t\u00e9 intrigu\u00e9e. Ainsi, un samedi matin, on arrive en chaussons, dans un petit groupe d&rsquo;inconnus \u00e0 qui j&rsquo;ai pos\u00e9 une question simple et orient\u00e9e vers une branche de la famille puis j&rsquo;ai d\u00fb placer dans la pi\u00e8ce 3 des inconnus pr\u00e9alablement choisis \u00ab\u00a0comme on le sent\u00a0\u00bb. Mon esprit cart\u00e9sien eu du mal \u00e0 voir ce que cela pouvait-il bien produire et l\u00e0, la magie a op\u00e9r\u00e9&#8230; sous la baguette de la chef d&rsquo;orchestre Julie, qui guide les inconnus pour se parler, se d\u00e9placer, se positionner dans ce ballet salvateur donc j&rsquo;ai \u00e9t\u00e9 le premier spectateur ! Cette prise de recul, ce miroir, ce dialogue fictif vient r\u00e9parer des choses en soi, transmises par nos a\u00een\u00e9s (plus ou moins volontairement) et donc on se lib\u00e8re lors de la constellation. On repart sans les valises qui n&rsquo;\u00e9taient pas \u00e0 nous, et \u00e7a fait un bien fou\u00a0\u00bb &#8211; Pauline<\/p>\n","protected":false},"excerpt":{"rendered":"<p>\u00ab&nbsp;Les constellations familiales sont une exp\u00e9rience unique qui nous font avancer et nous permettent de changer de perspective. On en sort jamais comme on est &hellip;<\/p>\n","protected":false},"author":1,"featured_media":0,"parent":0,"menu_order":0,"comment_status":"closed","ping_status":"closed","template":"","meta":{"footnotes":""},"class_list":["post-765","page","type-page","status-publish","hentry"],"_links":{"self":[{"href":"https:\/\/www.juliegille.fr\/index.php\/wp-json\/wp\/v2\/pages\/765","targetHints":{"allow":["GET"]}}],"collection":[{"href":"https:\/\/www.juliegille.fr\/index.php\/wp-json\/wp\/v2\/pages"}],"about":[{"href":"https:\/\/www.juliegille.fr\/index.php\/wp-json\/wp\/v2\/types\/page"}],"author":[{"embeddable":true,"href":"https:\/\/www.juliegille.fr\/index.php\/wp-json\/wp\/v2\/users\/1"}],"replies":[{"embeddable":true,"href":"https:\/\/www.juliegille.fr\/index.php\/wp-json\/wp\/v2\/comments?post=765"}],"version-history":[{"count":7,"href":"https:\/\/www.juliegille.fr\/index.php\/wp-json\/wp\/v2\/pages\/765\/revisions"}],"predecessor-version":[{"id":845,"href":"https:\/\/www.juliegille.fr\/index.php\/wp-json\/wp\/v2\/pages\/765\/revisions\/845"}],"wp:attachment":[{"href":"https:\/\/www.juliegille.fr\/index.php\/wp-json\/wp\/v2\/media?parent=765"}],"curies":[{"name":"wp","href":"https:\/\/api.w.org\/{rel}","templated":true}]}}