{"id":769,"date":"2023-11-20T16:13:42","date_gmt":"2023-11-20T15:13:42","guid":{"rendered":"https:\/\/www.juliegille.fr\/?page_id=769"},"modified":"2024-01-14T13:30:23","modified_gmt":"2024-01-14T12:30:23","slug":"temoignages-respiration-holotropique","status":"publish","type":"page","link":"https:\/\/www.juliegille.fr\/index.php\/temoignages-respiration-holotropique\/","title":{"rendered":"T\u00e9moignages Respiration Holotropique"},"content":{"rendered":"\n<p class=\"has-headings-color has-text-color has-background has-link-color wp-elements-8ea91bb388d9ee76e7d5ed98188d9d7a\" style=\"background:linear-gradient(135deg,rgb(242,194,167) 0%,rgb(255,224,139) 100%)\">\u00ab\u00a0A un moment dans ma th\u00e9rapie, o\u00f9 beaucoup de choses sont remont\u00e9es \u00e0 la surface, des v\u00e9cus douloureux m\u00eal\u00e9s de culpabilit\u00e9, de honte, et pas mal de d\u00e9ni, j&rsquo;ai ressenti le besoin de laisser mon corps s&rsquo;exprimer, et j&rsquo;ai eu envie d&rsquo;exp\u00e9rimenter la respiration holotropique. Cela s&rsquo;est d&rsquo;abord fait avec un groupe ailleurs. Et puis j&rsquo;ai renouvel\u00e9 l&rsquo;exp\u00e9rience, en individuel avec elle. Dans les deux cas, ce fut tr\u00e8s puissant \u00e9motionnellement et physiquement, je suis pass\u00e9e par\u00a0la tristesse,\u00a0la col\u00e8re, la rage, avec une force\u00a0inou\u00efe\u00a0dans mon corps, la peur et la crispation, mais aussi la d\u00e9tente, l&rsquo;ouverture, l&rsquo;envie de danser, de d\u00e9lier mon corps, la joie de me sentir vivante, reli\u00e9e et connect\u00e9e \u00e0 d&rsquo;autres espaces&#8230;. C&rsquo;est un v\u00e9ritable voyage o\u00f9 le corps va pouvoir dire ce qui est pr\u00eat \u00e0 \u00eatre dit et entendu, ce qu&rsquo;il a besoin de lib\u00e9rer et ainsi nous permettre d&rsquo;avancer. Quand j&rsquo;\u00e9tais allong\u00e9e sur le matelas, que j&rsquo;ai commenc\u00e9 \u00e0 respirer de fa\u00e7on active pour atteindre cet \u00e9tat de conscience \u00e9largie, aid\u00e9e par la musique qui accompagne et soutient le processus, j&rsquo;\u00e9tais tout \u00e0 fait en confiance et en s\u00e9curit\u00e9, m\u00eame si je ne savais pas tout ce qui allait se passer. Julie est toute en pr\u00e9sence et bienveillance pour accompagner ce processus, avec beaucoup de chaleur humaine, et je la remercie infiniment. Lorsque j&rsquo;ai particip\u00e9 \u00e0 l&rsquo;exp\u00e9rience en groupe, comme le travail se fait en bin\u00f4me, j&rsquo;ai aussi v\u00e9cu quelque chose de tr\u00e8s fort, en accompagnant la personne qui respirait. Etre l\u00e0, simplement pr\u00e9sente, reli\u00e9e, dans l&rsquo;accueil \u00e0 ce qui se passe pour la personne, sans jugement et accepter de ne pas intervenir si tel est son choix, m&rsquo;a permis de comprendre aussi beaucoup de choses sur moi ! Ces exp\u00e9riences de respiration holotropique, tout comme les constellations familiales que j&rsquo;ai aussi v\u00e9cues avec Julie, ne sont pas forc\u00e9ment \u00e9videntes \u00e0 raconter et expliquer, les mots sont souvent un peu r\u00e9ducteurs\u2026 Mais elles permettent vraiment d&rsquo;avancer et de grandir, avec plus de clart\u00e9, sur son chemin de connaissance de soi.\u00a0\u00bb &#8211;  M-Annick <\/p>\n","protected":false},"excerpt":{"rendered":"<p>\u00ab\u00a0A un moment dans ma th\u00e9rapie, o\u00f9 beaucoup de choses sont remont\u00e9es \u00e0 la surface, des v\u00e9cus douloureux m\u00eal\u00e9s de culpabilit\u00e9, de honte, et pas &hellip;<\/p>\n","protected":false},"author":1,"featured_media":0,"parent":0,"menu_order":0,"comment_status":"closed","ping_status":"closed","template":"","meta":{"footnotes":""},"class_list":["post-769","page","type-page","status-publish","hentry"],"_links":{"self":[{"href":"https:\/\/www.juliegille.fr\/index.php\/wp-json\/wp\/v2\/pages\/769","targetHints":{"allow":["GET"]}}],"collection":[{"href":"https:\/\/www.juliegille.fr\/index.php\/wp-json\/wp\/v2\/pages"}],"about":[{"href":"https:\/\/www.juliegille.fr\/index.php\/wp-json\/wp\/v2\/types\/page"}],"author":[{"embeddable":true,"href":"https:\/\/www.juliegille.fr\/index.php\/wp-json\/wp\/v2\/users\/1"}],"replies":[{"embeddable":true,"href":"https:\/\/www.juliegille.fr\/index.php\/wp-json\/wp\/v2\/comments?post=769"}],"version-history":[{"count":4,"href":"https:\/\/www.juliegille.fr\/index.php\/wp-json\/wp\/v2\/pages\/769\/revisions"}],"predecessor-version":[{"id":861,"href":"https:\/\/www.juliegille.fr\/index.php\/wp-json\/wp\/v2\/pages\/769\/revisions\/861"}],"wp:attachment":[{"href":"https:\/\/www.juliegille.fr\/index.php\/wp-json\/wp\/v2\/media?parent=769"}],"curies":[{"name":"wp","href":"https:\/\/api.w.org\/{rel}","templated":true}]}}