{"id":892,"date":"2024-07-14T19:05:06","date_gmt":"2024-07-14T17:05:06","guid":{"rendered":"https:\/\/www.juliegille.fr\/?page_id=892"},"modified":"2025-12-31T16:07:27","modified_gmt":"2025-12-31T15:07:27","slug":"ateliers-paroles-de-lombre","status":"publish","type":"page","link":"https:\/\/www.juliegille.fr\/index.php\/ateliers-paroles-de-lombre\/","title":{"rendered":"L&rsquo;Odyss\u00e9e de l&rsquo;Ombre"},"content":{"rendered":"\n<div class=\"wp-block-media-text is-stacked-on-mobile has-background\" style=\"background-color:#deb346ab\"><figure class=\"wp-block-media-text__media\"><img loading=\"lazy\" decoding=\"async\" width=\"754\" height=\"1024\" src=\"http:\/\/www.juliegille.fr\/wp-content\/uploads\/2024\/08\/IMG_3447-754x1024.jpg\" alt=\"\" class=\"wp-image-950 size-full\" srcset=\"https:\/\/www.juliegille.fr\/wp-content\/uploads\/2024\/08\/IMG_3447-754x1024.jpg 754w, https:\/\/www.juliegille.fr\/wp-content\/uploads\/2024\/08\/IMG_3447-221x300.jpg 221w, https:\/\/www.juliegille.fr\/wp-content\/uploads\/2024\/08\/IMG_3447-768x1043.jpg 768w, https:\/\/www.juliegille.fr\/wp-content\/uploads\/2024\/08\/IMG_3447-1131x1536.jpg 1131w, https:\/\/www.juliegille.fr\/wp-content\/uploads\/2024\/08\/IMG_3447-1507x2048.jpg 1507w, https:\/\/www.juliegille.fr\/wp-content\/uploads\/2024\/08\/IMG_3447-scaled.jpg 1884w\" sizes=\"auto, (max-width: 754px) 100vw, 754px\" \/><\/figure><div class=\"wp-block-media-text__content\">\n<div class=\"wp-block-group\"><div class=\"wp-block-group__inner-container is-layout-constrained wp-block-group-is-layout-constrained\">\n<div class=\"wp-block-group\"><div class=\"wp-block-group__inner-container is-layout-constrained wp-block-group-is-layout-constrained\">\n<p class=\"has-headings-color has-text-color has-link-color wp-elements-15af0a3a6e7ac3e24d8ff4a3528357e6\">Succubes, tentatrices, mangeuses d\u2019homme, castratrices, ogresses, sorci\u00e8res, m\u00e9g\u00e8res, etc&#8230;.nombreuses sont les insultes faites aux femmes. Ce sont autant d\u2019images peu flatteuses qui leur collent \u00e0 la peau depuis des si\u00e8cles, jusqu\u2019\u00e0 les suivre comme leur ombre dans chacun de leur pas du quotidien. C\u2019est toute une l\u00e9gende implicite, tout un folklore qui flotte dans l\u2019air \u00e0 chaque fois que ces mots sont lanc\u00e9s sur la t\u00eate des femmes ! <strong>Mais que se cache derri\u00e8re ces personnages obscurs qui peuplent leur ombre ? Quelles sont les histoires des soi-disant Castratrice, S\u00e9ductrice, M\u00e8re Terrible, D\u00e9vorante et Sorci\u00e8re  ?<\/strong><\/p>\n\n\n\n<p class=\"has-headings-color has-text-color has-link-color wp-elements-7bb60c671fe6cabf05e6bfd669528e5a\">Nous irons d\u00e9couvrir derri\u00e8re ces images arch\u00e9typiques, quelles sont les<strong> blessures individuelles<\/strong> et collectives, et les constructions sociales qui ont soutenu ces repr\u00e9sentations, aux d\u00e9pens de l\u2019<strong>empuissancement des femmes<\/strong> et au d\u00e9triment de l\u2019int\u00e9gration des <strong>qualit\u00e9s f\u00e9minines<\/strong> dans notre soci\u00e9t\u00e9.<\/p>\n<\/div><\/div>\n<\/div><\/div>\n<\/div><\/div>\n\n\n\n<div class=\"wp-block-media-text has-media-on-the-right is-stacked-on-mobile has-background\" style=\"background-color:#dea403c2\"><div class=\"wp-block-media-text__content\">\n<p class=\"has-headings-color has-text-color has-link-color wp-elements-2b2c1ac1b766baf6bb30fb8b4eecbe86\">Explorer les histoires permet de s\u2019affranchir des \u00e9tiquettes ombrageuses qui font caution pour la condamnation des femmes (et des qualit\u00e9s f\u00e9minines pour le monde) en posant de la compr\u00e9hension et <strong>en levant la mal\u00e9diction des vieux mythes qui enferment, pour en r\u00e9\u00e9crire de nouveaux qui lib\u00e8rent.<\/strong><\/p>\n\n\n\n<p class=\"has-headings-color has-text-color has-link-color wp-elements-7a2cc78e95b485d2ca6e2b007bfd5e49\"><strong>Rencontrer l&rsquo;ombre, c&rsquo;est entreprendre un chemin d&rsquo;int\u00e9grit\u00e9<\/strong>. \u00ab\u00a0Il vaut mieux \u00eatre complet que parfait\u00a0\u00bb disait Jung. Explorer les parts d&rsquo;ombre dont nous nous sommes amput\u00e9.e.s est un travail de<strong> compl\u00e9tion, de r\u00e9conciliation et d&rsquo;acceptation. C&rsquo;est un chemin d&rsquo;amour de soi.<\/strong><\/p>\n\n\n\n<p class=\"has-headings-color has-text-color has-link-color wp-elements-b13facfe2fe1130ddc708b03af415c2d\">Venez rencontrer au cours les arch\u00e9types de la Castratrice, la S\u00e9ductrice, la M\u00e8re Terrible, la D\u00e9vorante et la Sorci\u00e8re et d\u00e9couvrir l<strong>es tr\u00e9sors  qu&rsquo;elles prot\u00e8gent et les cadeaux \u00e0 recevoir<\/strong> en plongeant dans l&rsquo;ombre \u00e0 travers <strong>3 PROPOSITIONS&#8230;<\/strong><\/p>\n\n\n\n<p class=\"has-headings-color has-text-color has-link-color wp-elements-56135cc0ef27ac219ae66779d28bf8f0\">(Cette Odyss\u00e9e s\u2019appuie sur mon livre <em><a href=\"https:\/\/www.amazon.fr\/Paroles-lOmbre-Julie-Gille\/dp\/2487519029\/ref=sr_1_1?__mk_fr_FR=%C3%85M%C3%85%C5%BD%C3%95%C3%91&amp;crid=2PH873O78TE4Y&amp;dib=eyJ2IjoiMSJ9.H7O4PCFPc64-8MPxwwMKJw.pR9RyPIml-57fmevdw1Lkzw1VNamuFCIfJIZLhneFGc&amp;dib_tag=se&amp;keywords=Julie+gille+paroles&amp;qid=1758630888&amp;sprefix=julie+gille+paroles%252Caps%252C97&amp;sr=8-1&amp;ufe=app_do%253Aamzn1.fos.bb6ea7e0-0ef7-4fc8-9adc-4bf1477881dd\">Paroles de l\u2019Ombre<\/a><\/em> )<\/p>\n<\/div><figure class=\"wp-block-media-text__media\"><img loading=\"lazy\" decoding=\"async\" width=\"683\" height=\"1024\" src=\"http:\/\/www.juliegille.fr\/wp-content\/uploads\/2024\/08\/0A979B52-0A26-49EA-BA4A-5E75528ADBF4-683x1024.jpeg\" alt=\"\" class=\"wp-image-924 size-full\" srcset=\"https:\/\/www.juliegille.fr\/wp-content\/uploads\/2024\/08\/0A979B52-0A26-49EA-BA4A-5E75528ADBF4-683x1024.jpeg 683w, https:\/\/www.juliegille.fr\/wp-content\/uploads\/2024\/08\/0A979B52-0A26-49EA-BA4A-5E75528ADBF4-200x300.jpeg 200w, https:\/\/www.juliegille.fr\/wp-content\/uploads\/2024\/08\/0A979B52-0A26-49EA-BA4A-5E75528ADBF4-768x1152.jpeg 768w, https:\/\/www.juliegille.fr\/wp-content\/uploads\/2024\/08\/0A979B52-0A26-49EA-BA4A-5E75528ADBF4-1024x1536.jpeg 1024w, https:\/\/www.juliegille.fr\/wp-content\/uploads\/2024\/08\/0A979B52-0A26-49EA-BA4A-5E75528ADBF4-1365x2048.jpeg 1365w, https:\/\/www.juliegille.fr\/wp-content\/uploads\/2024\/08\/0A979B52-0A26-49EA-BA4A-5E75528ADBF4-scaled.jpeg 1707w\" sizes=\"auto, (max-width: 683px) 100vw, 683px\" \/><\/figure><\/div>\n\n\n\n<div style=\"height:100px\" aria-hidden=\"true\" class=\"wp-block-spacer\"><\/div>\n\n\n\n<p class=\"has-text-align-center has-headings-color has-text-color has-link-color wp-elements-4973bbc190b6f61cbf91baae363c8a8f\"><strong>QUELLE ODYSS\u00c9E EST FAITE POUR VOUS ?<\/strong><\/p>\n\n\n\n<div class=\"wp-block-columns is-layout-flex wp-container-core-columns-is-layout-9d6595d7 wp-block-columns-is-layout-flex\">\n<div class=\"wp-block-column is-vertically-aligned-top is-layout-flow wp-block-column-is-layout-flow\">\n<hr class=\"wp-block-separator has-alpha-channel-opacity\"\/>\n\n\n\n<p>\ud83c\udf19<strong>Choisissez l&rsquo;Odyss\u00e9e Collective si&#8230;<\/strong><\/p>\n\n\n\n<ul class=\"wp-block-list\">\n<li>Vous aimez l&rsquo;\u00e9nergie du groupe et le partage<\/li>\n\n\n\n<li>Vous voulez explorer un ou plusieurs arch\u00e9types sp\u00e9cifiques<\/li>\n\n\n\n<li>Vous pr\u00e9f\u00e9rez la souplesse (choisir vos soir\u00e9es)<\/li>\n\n\n\n<li>Vous cherchez un espace de sororit\u00e9<\/li>\n<\/ul>\n\n\n\n<p><\/p>\n<\/div>\n\n\n\n<div class=\"wp-block-column is-vertically-aligned-top is-layout-flow wp-block-column-is-layout-flow\">\n<hr class=\"wp-block-separator has-alpha-channel-opacity\"\/>\n\n\n\n<p>\ud83d\udd25<strong>Choisissez l&rsquo;Odyss\u00e9e Individuelle si&#8230;<\/strong><\/p>\n\n\n\n<ul class=\"wp-block-list\">\n<li>Vous voulez un accompagnement personnalis\u00e9 et approfondi<\/li>\n\n\n\n<li>Vous \u00eates pr\u00eate \u00e0 vous engager sur un parcours complet (7 s\u00e9ances)<\/li>\n\n\n\n<li>Vous souhaitez cr\u00e9er vos objets rituels et votre Journal de Bord<\/li>\n\n\n\n<li>Vous cherchez une transformation profonde sur mesure<\/li>\n<\/ul>\n\n\n\n<p><\/p>\n<\/div>\n\n\n\n<div class=\"wp-block-column is-vertically-aligned-top is-layout-flow wp-block-column-is-layout-flow\">\n<hr class=\"wp-block-separator has-alpha-channel-opacity\"\/>\n\n\n\n<p>\ud83c\udf0c<strong> Choisissez l&rsquo;Odyss\u00e9e en Autonomie si&#8230;<\/strong><\/p>\n\n\n\n<ul class=\"wp-block-list\">\n<li>Vous pr\u00e9f\u00e9rez cheminer seul\u00b7e, \u00e0 votre rythme<\/li>\n\n\n\n<li>Vous avez des contraintes d&rsquo;agenda ou de localisation<\/li>\n\n\n\n<li>Vous voulez pouvoir revisiter les contenus \u00e0 volont\u00e9<\/li>\n\n\n\n<li>Vous \u00eates \u00e0 l&rsquo;aise avec l&rsquo;introspection solitaire<\/li>\n<\/ul>\n\n\n\n<p><\/p>\n<\/div>\n<\/div>\n\n\n\n<div class=\"wp-block-group\"><div class=\"wp-block-group__inner-container is-layout-constrained wp-block-group-is-layout-constrained\">\n<div class=\"wp-block-group has-headings-color has-text-color has-link-color wp-elements-e7fc57434d2da3560d811f79672985eb is-content-justification-center is-nowrap is-layout-flex wp-container-core-group-is-layout-94bc23d7 wp-block-group-is-layout-flex\">\n<div class=\"wp-block-buttons is-layout-flex wp-block-buttons-is-layout-flex\">\n<div class=\"wp-block-button\"><a class=\"wp-block-button__link wp-element-button\" href=\"https:\/\/www.juliegille.fr\/index.php\/1135-2\/\">L&rsquo;Odyss\u00e9e Collective <\/a><\/div>\n<\/div>\n\n\n\n<div class=\"wp-block-buttons is-layout-flex wp-block-buttons-is-layout-flex\">\n<div class=\"wp-block-button\"><a class=\"wp-block-button__link wp-element-button\" href=\"https:\/\/www.juliegille.fr\/index.php\/1140-2\/\">L&rsquo;Odyss\u00e9e Individuelle<\/a><\/div>\n<\/div>\n\n\n\n<div class=\"wp-block-buttons is-layout-flex wp-block-buttons-is-layout-flex\">\n<div class=\"wp-block-button\"><a class=\"wp-block-button__link wp-element-button\" href=\"https:\/\/www.juliegille.fr\/index.php\/1143-2\/\">L&rsquo;Odyss\u00e9e en Autonomie<\/a><\/div>\n<\/div>\n<\/div>\n<\/div><\/div>\n\n\n\n<div class=\"wp-block-columns is-layout-flex wp-container-core-columns-is-layout-9d6595d7 wp-block-columns-is-layout-flex\">\n<div class=\"wp-block-column is-layout-flow wp-block-column-is-layout-flow\"><\/div>\n\n\n\n<div class=\"wp-block-column is-layout-flow wp-block-column-is-layout-flow\"><\/div>\n\n\n\n<div class=\"wp-block-column is-layout-flow wp-block-column-is-layout-flow\"><\/div>\n<\/div>\n\n\n\n<p class=\"has-text-align-center has-headings-color has-text-color has-link-color wp-elements-23e6636592a08aa3eeeea1cb0d72918f\"><strong>Toutes ces propositions s&rsquo;appuient sur mon livre <em>Paroles de l&rsquo;Ombre<\/em>, mais vous n&rsquo;avez pas besoin de l&rsquo;avoir lu pour participer \u00e0 l&rsquo;Odyss\u00e9e.<\/strong><\/p>\n\n\n\n<p class=\"has-text-align-center has-headings-color has-text-color has-link-color wp-elements-5c9a227e80474f37d12356d68747c335\"><strong>Le livre approfondit les contes, les compr\u00e9hensions th\u00e9oriques et les contextes psychologiques. Les Odyss\u00e9es (collective, individuelle, autonomie) sont des <\/strong><strong>exp\u00e9riences v\u00e9cues <\/strong><strong>qui vous font <\/strong><strong>rencontrer <\/strong><strong>directement les arch\u00e9types \u00e0 travers votre propre histoire.<\/strong><\/p>\n\n\n\n<p class=\"has-text-align-center has-headings-color has-text-color has-link-color wp-elements-cad4a5b92c4f342455bdf07ae7e92390\">\ud83c\udf11\u2728<strong>PR\u00caT.E POUR L&rsquo;ODYSS\u00c9E ?<\/strong><\/p>\n","protected":false},"excerpt":{"rendered":"<p>Explorer les histoires permet de s\u2019affranchir des \u00e9tiquettes ombrageuses qui font caution pour la condamnation des femmes (et des qualit\u00e9s f\u00e9minines pour le monde) en &hellip;<\/p>\n","protected":false},"author":1,"featured_media":951,"parent":0,"menu_order":0,"comment_status":"closed","ping_status":"closed","template":"","meta":{"footnotes":""},"class_list":["post-892","page","type-page","status-publish","has-post-thumbnail","hentry"],"_links":{"self":[{"href":"https:\/\/www.juliegille.fr\/index.php\/wp-json\/wp\/v2\/pages\/892","targetHints":{"allow":["GET"]}}],"collection":[{"href":"https:\/\/www.juliegille.fr\/index.php\/wp-json\/wp\/v2\/pages"}],"about":[{"href":"https:\/\/www.juliegille.fr\/index.php\/wp-json\/wp\/v2\/types\/page"}],"author":[{"embeddable":true,"href":"https:\/\/www.juliegille.fr\/index.php\/wp-json\/wp\/v2\/users\/1"}],"replies":[{"embeddable":true,"href":"https:\/\/www.juliegille.fr\/index.php\/wp-json\/wp\/v2\/comments?post=892"}],"version-history":[{"count":36,"href":"https:\/\/www.juliegille.fr\/index.php\/wp-json\/wp\/v2\/pages\/892\/revisions"}],"predecessor-version":[{"id":1159,"href":"https:\/\/www.juliegille.fr\/index.php\/wp-json\/wp\/v2\/pages\/892\/revisions\/1159"}],"wp:featuredmedia":[{"embeddable":true,"href":"https:\/\/www.juliegille.fr\/index.php\/wp-json\/wp\/v2\/media\/951"}],"wp:attachment":[{"href":"https:\/\/www.juliegille.fr\/index.php\/wp-json\/wp\/v2\/media?parent=892"}],"curies":[{"name":"wp","href":"https:\/\/api.w.org\/{rel}","templated":true}]}}

L&rsquo;Odyssée de l&rsquo;Ombre

<div class="wp-block-media-text is-stacked-on-mobile has-background" style="background-color:#deb346ab"><figure class="wp-block-media-text__media"><img loading="lazy" decoding="async" width="754" height="1024" src="http://www.juliegille.fr/wp-content/uploads/2024/08/IMG_3447-754x1024.jpg" alt="" class="wp-image-950 size-full" srcset="https://www.juliegille.fr/wp-content/uploads/2024/08/IMG_3447-754x1024.jpg 754w, https://www.juliegille.fr/wp-content/uploads/2024/08/IMG_3447-221x300.jpg 221w, https://www.juliegille.fr/wp-content/uploads/2024/08/IMG_3447-768x1043.jpg 768w, https://www.juliegille.fr/wp-content/uploads/2024/08/IMG_3447-1131x1536.jpg 1131w, https://www.juliegille.fr/wp-content/uploads/2024/08/IMG_3447-1507x2048.jpg 1507w, https://www.juliegille.fr/wp-content/uploads/2024/08/IMG_3447-scaled.jpg 1884w" sizes="auto, (max-width: 754px) 100vw, 754px" /></figure><div class="wp-block-media-text__content">
<div class="wp-block-group"><div class="wp-block-group__inner-container is-layout-constrained wp-block-group-is-layout-constrained">
<div class="wp-block-group"><div class="wp-block-group__inner-container is-layout-constrained wp-block-group-is-layout-constrained">
<p class="has-headings-color has-text-color has-link-color wp-elements-15af0a3a6e7ac3e24d8ff4a3528357e6">Succubes, tentatrices, mangeuses d’homme, castratrices, ogresses, sorcières, mégères, etc&#8230;.nombreuses sont les insultes faites aux femmes. Ce sont autant d’images peu flatteuses qui leur collent à la peau depuis des siècles, jusqu’à les suivre comme leur ombre dans chacun de leur pas du quotidien. C’est toute une légende implicite, tout un folklore qui flotte dans l’air à chaque fois que ces mots sont lancés sur la tête des femmes ! <strong>Mais que se cache derrière ces personnages obscurs qui peuplent leur ombre ? Quelles sont les histoires des soi-disant Castratrice, Séductrice, Mère Terrible, Dévorante et Sorcière  ?</strong></p>



<p class="has-headings-color has-text-color has-link-color wp-elements-7bb60c671fe6cabf05e6bfd669528e5a">Nous irons découvrir derrière ces images archétypiques, quelles sont les<strong> blessures individuelles</strong> et collectives, et les constructions sociales qui ont soutenu ces représentations, aux dépens de l’<strong>empuissancement des femmes</strong> et au détriment de l’intégration des <strong>qualités féminines</strong> dans notre société.</p>
</div></div>
</div></div>
</div></div>



<div class="wp-block-media-text has-media-on-the-right is-stacked-on-mobile has-background" style="background-color:#dea403c2"><div class="wp-block-media-text__content">
<p class="has-headings-color has-text-color has-link-color wp-elements-2b2c1ac1b766baf6bb30fb8b4eecbe86">Explorer les histoires permet de s’affranchir des étiquettes ombrageuses qui font caution pour la condamnation des femmes (et des qualités féminines pour le monde) en posant de la compréhension et <strong>en levant la malédiction des vieux mythes qui enferment, pour en réécrire de nouveaux qui libèrent.</strong></p>



<p class="has-headings-color has-text-color has-link-color wp-elements-7a2cc78e95b485d2ca6e2b007bfd5e49"><strong>Rencontrer l&rsquo;ombre, c&rsquo;est entreprendre un chemin d&rsquo;intégrité</strong>. « Il vaut mieux être complet que parfait » disait Jung. Explorer les parts d&rsquo;ombre dont nous nous sommes amputé.e.s est un travail de<strong> complétion, de réconciliation et d&rsquo;acceptation. C&rsquo;est un chemin d&rsquo;amour de soi.</strong></p>



<p class="has-headings-color has-text-color has-link-color wp-elements-b13facfe2fe1130ddc708b03af415c2d">Venez rencontrer au cours les archétypes de la Castratrice, la Séductrice, la Mère Terrible, la Dévorante et la Sorcière et découvrir l<strong>es trésors  qu&rsquo;elles protègent et les cadeaux à recevoir</strong> en plongeant dans l&rsquo;ombre à travers <strong>3 PROPOSITIONS&#8230;</strong></p>



<p class="has-headings-color has-text-color has-link-color wp-elements-56135cc0ef27ac219ae66779d28bf8f0">(Cette Odyssée s’appuie sur mon livre <em><a href="https://www.amazon.fr/Paroles-lOmbre-Julie-Gille/dp/2487519029/ref=sr_1_1?__mk_fr_FR=%C3%85M%C3%85%C5%BD%C3%95%C3%91&amp;crid=2PH873O78TE4Y&amp;dib=eyJ2IjoiMSJ9.H7O4PCFPc64-8MPxwwMKJw.pR9RyPIml-57fmevdw1Lkzw1VNamuFCIfJIZLhneFGc&amp;dib_tag=se&amp;keywords=Julie+gille+paroles&amp;qid=1758630888&amp;sprefix=julie+gille+paroles%252Caps%252C97&amp;sr=8-1&amp;ufe=app_do%253Aamzn1.fos.bb6ea7e0-0ef7-4fc8-9adc-4bf1477881dd">Paroles de l’Ombre</a></em> )</p>
</div><figure class="wp-block-media-text__media"><img loading="lazy" decoding="async" width="683" height="1024" src="http://www.juliegille.fr/wp-content/uploads/2024/08/0A979B52-0A26-49EA-BA4A-5E75528ADBF4-683x1024.jpeg" alt="" class="wp-image-924 size-full" srcset="https://www.juliegille.fr/wp-content/uploads/2024/08/0A979B52-0A26-49EA-BA4A-5E75528ADBF4-683x1024.jpeg 683w, https://www.juliegille.fr/wp-content/uploads/2024/08/0A979B52-0A26-49EA-BA4A-5E75528ADBF4-200x300.jpeg 200w, https://www.juliegille.fr/wp-content/uploads/2024/08/0A979B52-0A26-49EA-BA4A-5E75528ADBF4-768x1152.jpeg 768w, https://www.juliegille.fr/wp-content/uploads/2024/08/0A979B52-0A26-49EA-BA4A-5E75528ADBF4-1024x1536.jpeg 1024w, https://www.juliegille.fr/wp-content/uploads/2024/08/0A979B52-0A26-49EA-BA4A-5E75528ADBF4-1365x2048.jpeg 1365w, https://www.juliegille.fr/wp-content/uploads/2024/08/0A979B52-0A26-49EA-BA4A-5E75528ADBF4-scaled.jpeg 1707w" sizes="auto, (max-width: 683px) 100vw, 683px" /></figure></div>



<div style="height:100px" aria-hidden="true" class="wp-block-spacer"></div>



<p class="has-text-align-center has-headings-color has-text-color has-link-color wp-elements-4973bbc190b6f61cbf91baae363c8a8f"><strong>QUELLE ODYSSÉE EST FAITE POUR VOUS ?</strong></p>



<div class="wp-block-columns is-layout-flex wp-container-core-columns-is-layout-9d6595d7 wp-block-columns-is-layout-flex">
<div class="wp-block-column is-vertically-aligned-top is-layout-flow wp-block-column-is-layout-flow">
<hr class="wp-block-separator has-alpha-channel-opacity"/>



<p>🌙<strong>Choisissez l&rsquo;Odyssée Collective si&#8230;</strong></p>



<ul class="wp-block-list">
<li>Vous aimez l&rsquo;énergie du groupe et le partage</li>



<li>Vous voulez explorer un ou plusieurs archétypes spécifiques</li>



<li>Vous préférez la souplesse (choisir vos soirées)</li>



<li>Vous cherchez un espace de sororité</li>
</ul>



<p></p>
</div>



<div class="wp-block-column is-vertically-aligned-top is-layout-flow wp-block-column-is-layout-flow">
<hr class="wp-block-separator has-alpha-channel-opacity"/>



<p>🔥<strong>Choisissez l&rsquo;Odyssée Individuelle si&#8230;</strong></p>



<ul class="wp-block-list">
<li>Vous voulez un accompagnement personnalisé et approfondi</li>



<li>Vous êtes prête à vous engager sur un parcours complet (7 séances)</li>



<li>Vous souhaitez créer vos objets rituels et votre Journal de Bord</li>



<li>Vous cherchez une transformation profonde sur mesure</li>
</ul>



<p></p>
</div>



<div class="wp-block-column is-vertically-aligned-top is-layout-flow wp-block-column-is-layout-flow">
<hr class="wp-block-separator has-alpha-channel-opacity"/>



<p>🌌<strong> Choisissez l&rsquo;Odyssée en Autonomie si&#8230;</strong></p>



<ul class="wp-block-list">
<li>Vous préférez cheminer seul·e, à votre rythme</li>



<li>Vous avez des contraintes d&rsquo;agenda ou de localisation</li>



<li>Vous voulez pouvoir revisiter les contenus à volonté</li>



<li>Vous êtes à l&rsquo;aise avec l&rsquo;introspection solitaire</li>
</ul>



<p></p>
</div>
</div>



<div class="wp-block-group"><div class="wp-block-group__inner-container is-layout-constrained wp-block-group-is-layout-constrained">
<div class="wp-block-group has-headings-color has-text-color has-link-color wp-elements-e7fc57434d2da3560d811f79672985eb is-content-justification-center is-nowrap is-layout-flex wp-container-core-group-is-layout-94bc23d7 wp-block-group-is-layout-flex">
<div class="wp-block-buttons is-layout-flex wp-block-buttons-is-layout-flex">
<div class="wp-block-button"><a class="wp-block-button__link wp-element-button" href="https://www.juliegille.fr/index.php/1135-2/">L&rsquo;Odyssée Collective </a></div>
</div>



<div class="wp-block-buttons is-layout-flex wp-block-buttons-is-layout-flex">
<div class="wp-block-button"><a class="wp-block-button__link wp-element-button" href="https://www.juliegille.fr/index.php/1140-2/">L&rsquo;Odyssée Individuelle</a></div>
</div>



<div class="wp-block-buttons is-layout-flex wp-block-buttons-is-layout-flex">
<div class="wp-block-button"><a class="wp-block-button__link wp-element-button" href="https://www.juliegille.fr/index.php/1143-2/">L&rsquo;Odyssée en Autonomie</a></div>
</div>
</div>
</div></div>



<div class="wp-block-columns is-layout-flex wp-container-core-columns-is-layout-9d6595d7 wp-block-columns-is-layout-flex">
<div class="wp-block-column is-layout-flow wp-block-column-is-layout-flow"></div>



<div class="wp-block-column is-layout-flow wp-block-column-is-layout-flow"></div>



<div class="wp-block-column is-layout-flow wp-block-column-is-layout-flow"></div>
</div>



<p class="has-text-align-center has-headings-color has-text-color has-link-color wp-elements-23e6636592a08aa3eeeea1cb0d72918f"><strong>Toutes ces propositions s&rsquo;appuient sur mon livre <em>Paroles de l&rsquo;Ombre</em>, mais vous n&rsquo;avez pas besoin de l&rsquo;avoir lu pour participer à l&rsquo;Odyssée.</strong></p>



<p class="has-text-align-center has-headings-color has-text-color has-link-color wp-elements-5c9a227e80474f37d12356d68747c335"><strong>Le livre approfondit les contes, les compréhensions théoriques et les contextes psychologiques. Les Odyssées (collective, individuelle, autonomie) sont des </strong><strong>expériences vécues </strong><strong>qui vous font </strong><strong>rencontrer </strong><strong>directement les archétypes à travers votre propre histoire.</strong></p>



<p class="has-text-align-center has-headings-color has-text-color has-link-color wp-elements-cad4a5b92c4f342455bdf07ae7e92390">🌑✨<strong>PRÊT.E POUR L&rsquo;ODYSSÉE ?</strong></p>

<p>Explorer les histoires permet de s’affranchir des étiquettes ombrageuses qui font caution pour la condamnation des femmes (et des qualités féminines pour le monde) en &hellip;</p>
